{"id":4363,"date":"2023-05-02T16:51:23","date_gmt":"2023-05-02T14:51:23","guid":{"rendered":"https:\/\/www.institutmacula.com\/patologia\/queratocon\/"},"modified":"2025-02-05T16:42:24","modified_gmt":"2025-02-05T15:42:24","slug":"queratocono","status":"publish","type":"patologia","link":"https:\/\/www.institutmacula.com\/es\/patologia\/queratocono\/","title":{"rendered":"Queratocono"},"content":{"rendered":"\n<p>El <strong>queratocono <\/strong>es la \u00e9ctasis corneal axial de origen no inflamatorio m\u00e1s frecuente, en el que se produce un adelgazamiento central o paracentral inferior que causa un aumento progresivo de la curvatura corneal, lo que se traduce en miop\u00eda, astigmatismo irregular y protrusi\u00f3n apical c\u00f3nica.<br>El queratocono es la primera causa de trasplante corneal en pacientes j\u00f3venes.<\/p>\n\n\n\n<p>La etiolog\u00eda no es conocida y probablemente es multifactorial. Se ha descrito una historia familiar positiva en el 6-8% de los casos, aunque es probable que, si llev\u00e1ramos a cabo una topograf\u00eda corneal a los familiares de los pacientes afectados de <strong>queratocono<\/strong>, la incidencia ser\u00eda m\u00e1s elevada. En el resto de los casos, aparece, de forma espor\u00e1dica, vinculado a patrones complejos de herencia que se siguen investigando actualmente.<\/p>\n\n\n\n<p>Tambi\u00e9n existen casos relacionados con alergia ocular o con el rozamiento continuo de los ojos.<\/p>\n\n\n\n<p>La forma t\u00edpica de presentaci\u00f3n ocurre en la pubertad y progresa durante los diez a veinte a\u00f1os siguientes. El ritmo de la <strong>deformaci\u00f3n ocular <\/strong>suele ser mayor cuanto m\u00e1s joven es el paciente.<\/p>\n","protected":false},"featured_media":0,"parent":0,"menu_order":0,"template":"","meta":{"_acf_changed":false,"site-sidebar-layout":"default","site-content-layout":"","ast-site-content-layout":"default","site-content-style":"default","site-sidebar-style":"default","ast-global-header-display":"","ast-banner-title-visibility":"","ast-main-header-display":"","ast-hfb-above-header-display":"","ast-hfb-below-header-display":"","ast-hfb-mobile-header-display":"","site-post-title":"","ast-breadcrumbs-content":"","ast-featured-img":"","footer-sml-layout":"","ast-disable-related-posts":"","theme-transparent-header-meta":"","adv-header-id-meta":"","stick-header-meta":"","header-above-stick-meta":"","header-main-stick-meta":"","header-below-stick-meta":"","astra-migrate-meta-layouts":"set","ast-page-background-enabled":"default","ast-page-background-meta":{"desktop":{"background-color":"var(--ast-global-color-4)","background-image":"","background-repeat":"repeat","background-position":"center center","background-size":"auto","background-attachment":"scroll","background-type":"","background-media":"","overlay-type":"","overlay-color":"","overlay-opacity":"","overlay-gradient":""},"tablet":{"background-color":"","background-image":"","background-repeat":"repeat","background-position":"center center","background-size":"auto","background-attachment":"scroll","background-type":"","background-media":"","overlay-type":"","overlay-color":"","overlay-opacity":"","overlay-gradient":""},"mobile":{"background-color":"","background-image":"","background-repeat":"repeat","background-position":"center center","background-size":"auto","background-attachment":"scroll","background-type":"","background-media":"","overlay-type":"","overlay-color":"","overlay-opacity":"","overlay-gradient":""}},"ast-content-background-meta":{"desktop":{"background-color":"var(--ast-global-color-5)","background-image":"","background-repeat":"repeat","background-position":"center center","background-size":"auto","background-attachment":"scroll","background-type":"","background-media":"","overlay-type":"","overlay-color":"","overlay-opacity":"","overlay-gradient":""},"tablet":{"background-color":"var(--ast-global-color-5)","background-image":"","background-repeat":"repeat","background-position":"center center","background-size":"auto","background-attachment":"scroll","background-type":"","background-media":"","overlay-type":"","overlay-color":"","overlay-opacity":"","overlay-gradient":""},"mobile":{"background-color":"var(--ast-global-color-5)","background-image":"","background-repeat":"repeat","background-position":"center center","background-size":"auto","background-attachment":"scroll","background-type":"","background-media":"","overlay-type":"","overlay-color":"","overlay-opacity":"","overlay-gradient":""}}},"categoria":[9],"class_list":["post-4363","patologia","type-patologia","status-publish","hentry","categoria-segment-anterior"],"acf":[],"yoast_head":"<!-- This site is optimized with the Yoast SEO plugin v26.9 - https:\/\/yoast.com\/product\/yoast-seo-wordpress\/ -->\n<title>Queratocono - Institut de la M\u00e0cula<\/title>\n<meta name=\"description\" content=\"Conoce qu\u00e9 es el queratocono, sus causas, s\u00edntomas, tratamientos, riesgos, diagn\u00f3stico y c\u00f3mo afecta la salud ocular.\" \/>\n<meta name=\"robots\" content=\"index, follow, max-snippet:-1, max-image-preview:large, max-video-preview:-1\" \/>\n<link rel=\"canonical\" href=\"https:\/\/www.institutmacula.com\/es\/patologia\/queratocono\/\" \/>\n<meta property=\"og:locale\" content=\"es_ES\" \/>\n<meta property=\"og:type\" content=\"article\" \/>\n<meta property=\"og:title\" content=\"Queratocono - Institut de la M\u00e0cula\" \/>\n<meta property=\"og:description\" content=\"Conoce qu\u00e9 es el queratocono, sus causas, s\u00edntomas, tratamientos, riesgos, diagn\u00f3stico y c\u00f3mo afecta la salud ocular.\" \/>\n<meta property=\"og:url\" content=\"https:\/\/www.institutmacula.com\/es\/patologia\/queratocono\/\" \/>\n<meta property=\"og:site_name\" content=\"Institut de la M\u00e0cula\" \/>\n<meta property=\"article:modified_time\" content=\"2025-02-05T15:42:24+00:00\" \/>\n<meta name=\"twitter:card\" content=\"summary_large_image\" \/>\n<meta name=\"twitter:label1\" content=\"Tiempo de lectura\" \/>\n\t<meta name=\"twitter:data1\" content=\"1 minuto\" \/>\n<script type=\"application\/ld+json\" class=\"yoast-schema-graph\">{\"@context\":\"https:\/\/schema.org\",\"@graph\":[{\"@type\":\"WebPage\",\"@id\":\"https:\/\/www.institutmacula.com\/es\/patologia\/queratocono\/\",\"url\":\"https:\/\/www.institutmacula.com\/es\/patologia\/queratocono\/\",\"name\":\"Queratocono - Institut de la M\u00e0cula\",\"isPartOf\":{\"@id\":\"https:\/\/www.institutmacula.com\/es\/#website\"},\"datePublished\":\"2023-05-02T14:51:23+00:00\",\"dateModified\":\"2025-02-05T15:42:24+00:00\",\"description\":\"Conoce qu\u00e9 es el queratocono, sus causas, s\u00edntomas, tratamientos, riesgos, diagn\u00f3stico y c\u00f3mo afecta la salud ocular.\",\"breadcrumb\":{\"@id\":\"https:\/\/www.institutmacula.com\/es\/patologia\/queratocono\/#breadcrumb\"},\"inLanguage\":\"es\",\"potentialAction\":[{\"@type\":\"ReadAction\",\"target\":[\"https:\/\/www.institutmacula.com\/es\/patologia\/queratocono\/\"]}]},{\"@type\":\"BreadcrumbList\",\"@id\":\"https:\/\/www.institutmacula.com\/es\/patologia\/queratocono\/#breadcrumb\",\"itemListElement\":[{\"@type\":\"ListItem\",\"position\":1,\"name\":\"Inici\",\"item\":\"https:\/\/www.institutmacula.com\/es\/\"},{\"@type\":\"ListItem\",\"position\":2,\"name\":\"Patologies\",\"item\":\"https:\/\/www.institutmacula.com\/patologia\/\"},{\"@type\":\"ListItem\",\"position\":3,\"name\":\"Queratocono\"}]},{\"@type\":\"WebSite\",\"@id\":\"https:\/\/www.institutmacula.com\/es\/#website\",\"url\":\"https:\/\/www.institutmacula.com\/es\/\",\"name\":\"Institut de la M\u00e0cula\",\"description\":\"Innovating Eye Care\",\"publisher\":{\"@id\":\"https:\/\/www.institutmacula.com\/es\/#organization\"},\"potentialAction\":[{\"@type\":\"SearchAction\",\"target\":{\"@type\":\"EntryPoint\",\"urlTemplate\":\"https:\/\/www.institutmacula.com\/es\/?s={search_term_string}\"},\"query-input\":{\"@type\":\"PropertyValueSpecification\",\"valueRequired\":true,\"valueName\":\"search_term_string\"}}],\"inLanguage\":\"es\"},{\"@type\":\"Organization\",\"@id\":\"https:\/\/www.institutmacula.com\/es\/#organization\",\"name\":\"Institut de la M\u00e0cula\",\"url\":\"https:\/\/www.institutmacula.com\/es\/\",\"logo\":{\"@type\":\"ImageObject\",\"inLanguage\":\"es\",\"@id\":\"https:\/\/www.institutmacula.com\/es\/#\/schema\/logo\/image\/\",\"url\":\"https:\/\/www.institutmacula.com\/wp-content\/uploads\/2024\/02\/logo-Institut-de-la-Macula-24.png\",\"contentUrl\":\"https:\/\/www.institutmacula.com\/wp-content\/uploads\/2024\/02\/logo-Institut-de-la-Macula-24.png\",\"width\":300,\"height\":120,\"caption\":\"Institut de la M\u00e0cula\"},\"image\":{\"@id\":\"https:\/\/www.institutmacula.com\/es\/#\/schema\/logo\/image\/\"}}]}<\/script>\n<!-- \/ Yoast SEO plugin. -->","yoast_head_json":{"title":"Queratocono - Institut de la M\u00e0cula","description":"Conoce qu\u00e9 es el queratocono, sus causas, s\u00edntomas, tratamientos, riesgos, diagn\u00f3stico y c\u00f3mo afecta la salud ocular.","robots":{"index":"index","follow":"follow","max-snippet":"max-snippet:-1","max-image-preview":"max-image-preview:large","max-video-preview":"max-video-preview:-1"},"canonical":"https:\/\/www.institutmacula.com\/es\/patologia\/queratocono\/","og_locale":"es_ES","og_type":"article","og_title":"Queratocono - Institut de la M\u00e0cula","og_description":"Conoce qu\u00e9 es el queratocono, sus causas, s\u00edntomas, tratamientos, riesgos, diagn\u00f3stico y c\u00f3mo afecta la salud ocular.","og_url":"https:\/\/www.institutmacula.com\/es\/patologia\/queratocono\/","og_site_name":"Institut de la M\u00e0cula","article_modified_time":"2025-02-05T15:42:24+00:00","twitter_card":"summary_large_image","twitter_misc":{"Tiempo de lectura":"1 minuto"},"schema":{"@context":"https:\/\/schema.org","@graph":[{"@type":"WebPage","@id":"https:\/\/www.institutmacula.com\/es\/patologia\/queratocono\/","url":"https:\/\/www.institutmacula.com\/es\/patologia\/queratocono\/","name":"Queratocono - Institut de la M\u00e0cula","isPartOf":{"@id":"https:\/\/www.institutmacula.com\/es\/#website"},"datePublished":"2023-05-02T14:51:23+00:00","dateModified":"2025-02-05T15:42:24+00:00","description":"Conoce qu\u00e9 es el queratocono, sus causas, s\u00edntomas, tratamientos, riesgos, diagn\u00f3stico y c\u00f3mo afecta la salud ocular.","breadcrumb":{"@id":"https:\/\/www.institutmacula.com\/es\/patologia\/queratocono\/#breadcrumb"},"inLanguage":"es","potentialAction":[{"@type":"ReadAction","target":["https:\/\/www.institutmacula.com\/es\/patologia\/queratocono\/"]}]},{"@type":"BreadcrumbList","@id":"https:\/\/www.institutmacula.com\/es\/patologia\/queratocono\/#breadcrumb","itemListElement":[{"@type":"ListItem","position":1,"name":"Inici","item":"https:\/\/www.institutmacula.com\/es\/"},{"@type":"ListItem","position":2,"name":"Patologies","item":"https:\/\/www.institutmacula.com\/patologia\/"},{"@type":"ListItem","position":3,"name":"Queratocono"}]},{"@type":"WebSite","@id":"https:\/\/www.institutmacula.com\/es\/#website","url":"https:\/\/www.institutmacula.com\/es\/","name":"Institut de la M\u00e0cula","description":"Innovating Eye Care","publisher":{"@id":"https:\/\/www.institutmacula.com\/es\/#organization"},"potentialAction":[{"@type":"SearchAction","target":{"@type":"EntryPoint","urlTemplate":"https:\/\/www.institutmacula.com\/es\/?s={search_term_string}"},"query-input":{"@type":"PropertyValueSpecification","valueRequired":true,"valueName":"search_term_string"}}],"inLanguage":"es"},{"@type":"Organization","@id":"https:\/\/www.institutmacula.com\/es\/#organization","name":"Institut de la M\u00e0cula","url":"https:\/\/www.institutmacula.com\/es\/","logo":{"@type":"ImageObject","inLanguage":"es","@id":"https:\/\/www.institutmacula.com\/es\/#\/schema\/logo\/image\/","url":"https:\/\/www.institutmacula.com\/wp-content\/uploads\/2024\/02\/logo-Institut-de-la-Macula-24.png","contentUrl":"https:\/\/www.institutmacula.com\/wp-content\/uploads\/2024\/02\/logo-Institut-de-la-Macula-24.png","width":300,"height":120,"caption":"Institut de la M\u00e0cula"},"image":{"@id":"https:\/\/www.institutmacula.com\/es\/#\/schema\/logo\/image\/"}}]}},"_links":{"self":[{"href":"https:\/\/www.institutmacula.com\/es\/wp-json\/wp\/v2\/patologia\/4363","targetHints":{"allow":["GET"]}}],"collection":[{"href":"https:\/\/www.institutmacula.com\/es\/wp-json\/wp\/v2\/patologia"}],"about":[{"href":"https:\/\/www.institutmacula.com\/es\/wp-json\/wp\/v2\/types\/patologia"}],"version-history":[{"count":5,"href":"https:\/\/www.institutmacula.com\/es\/wp-json\/wp\/v2\/patologia\/4363\/revisions"}],"predecessor-version":[{"id":7245,"href":"https:\/\/www.institutmacula.com\/es\/wp-json\/wp\/v2\/patologia\/4363\/revisions\/7245"}],"wp:attachment":[{"href":"https:\/\/www.institutmacula.com\/es\/wp-json\/wp\/v2\/media?parent=4363"}],"wp:term":[{"taxonomy":"categoria","embeddable":true,"href":"https:\/\/www.institutmacula.com\/es\/wp-json\/wp\/v2\/categoria?post=4363"}],"curies":[{"name":"wp","href":"https:\/\/api.w.org\/{rel}","templated":true}]}}

<p>El <strong>queratocono </strong>es la éctasis corneal axial de origen no inflamatorio más frecuente, en el que se produce un adelgazamiento central o paracentral inferior que causa un aumento progresivo de la curvatura corneal, lo que se traduce en miopía, astigmatismo irregular y protrusión apical cónica.<br>El queratocono es la primera causa de trasplante corneal en pacientes jóvenes.</p>



<p>La etiología no es conocida y probablemente es multifactorial. Se ha descrito una historia familiar positiva en el 6-8% de los casos, aunque es probable que, si lleváramos a cabo una topografía corneal a los familiares de los pacientes afectados de <strong>queratocono</strong>, la incidencia sería más elevada. En el resto de los casos, aparece, de forma esporádica, vinculado a patrones complejos de herencia que se siguen investigando actualmente.</p>



<p>También existen casos relacionados con alergia ocular o con el rozamiento continuo de los ojos.</p>



<p>La forma típica de presentación ocurre en la pubertad y progresa durante los diez a veinte años siguientes. El ritmo de la <strong>deformación ocular </strong>suele ser mayor cuanto más joven es el paciente.</p>

<!-- This site is optimized with the Yoast SEO plugin v26.9 - https://yoast.com/product/yoast-seo-wordpress/ -->
<title>Queratocono - Institut de la Màcula</title>
<meta name="description" content="Conoce qué es el queratocono, sus causas, síntomas, tratamientos, riesgos, diagnóstico y cómo afecta la salud ocular." />
<meta name="robots" content="index, follow, max-snippet:-1, max-image-preview:large, max-video-preview:-1" />
<link rel="canonical" href="https://www.institutmacula.com/es/patologia/queratocono/" />
<meta property="og:locale" content="es_ES" />
<meta property="og:type" content="article" />
<meta property="og:title" content="Queratocono - Institut de la Màcula" />
<meta property="og:description" content="Conoce qué es el queratocono, sus causas, síntomas, tratamientos, riesgos, diagnóstico y cómo afecta la salud ocular." />
<meta property="og:url" content="https://www.institutmacula.com/es/patologia/queratocono/" />
<meta property="og:site_name" content="Institut de la Màcula" />
<meta property="article:modified_time" content="2025-02-05T15:42:24+00:00" />
<meta name="twitter:card" content="summary_large_image" />
<meta name="twitter:label1" content="Tiempo de lectura" />
	<meta name="twitter:data1" content="1 minuto" />
<script type="application/ld+json" class="yoast-schema-graph">{"@context":"https://schema.org","@graph":[{"@type":"WebPage","@id":"https://www.institutmacula.com/es/patologia/queratocono/","url":"https://www.institutmacula.com/es/patologia/queratocono/","name":"Queratocono - Institut de la Màcula","isPartOf":{"@id":"https://www.institutmacula.com/es/#website"},"datePublished":"2023-05-02T14:51:23+00:00","dateModified":"2025-02-05T15:42:24+00:00","description":"Conoce qué es el queratocono, sus causas, síntomas, tratamientos, riesgos, diagnóstico y cómo afecta la salud ocular.","breadcrumb":{"@id":"https://www.institutmacula.com/es/patologia/queratocono/#breadcrumb"},"inLanguage":"es","potentialAction":[{"@type":"ReadAction","target":["https://www.institutmacula.com/es/patologia/queratocono/"]}]},{"@type":"BreadcrumbList","@id":"https://www.institutmacula.com/es/patologia/queratocono/#breadcrumb","itemListElement":[{"@type":"ListItem","position":1,"name":"Inici","item":"https://www.institutmacula.com/es/"},{"@type":"ListItem","position":2,"name":"Patologies","item":"https://www.institutmacula.com/patologia/"},{"@type":"ListItem","position":3,"name":"Queratocono"}]},{"@type":"WebSite","@id":"https://www.institutmacula.com/es/#website","url":"https://www.institutmacula.com/es/","name":"Institut de la Màcula","description":"Innovating Eye Care","publisher":{"@id":"https://www.institutmacula.com/es/#organization"},"potentialAction":[{"@type":"SearchAction","target":{"@type":"EntryPoint","urlTemplate":"https://www.institutmacula.com/es/?s={search_term_string}"},"query-input":{"@type":"PropertyValueSpecification","valueRequired":true,"valueName":"search_term_string"}}],"inLanguage":"es"},{"@type":"Organization","@id":"https://www.institutmacula.com/es/#organization","name":"Institut de la Màcula","url":"https://www.institutmacula.com/es/","logo":{"@type":"ImageObject","inLanguage":"es","@id":"https://www.institutmacula.com/es/#/schema/logo/image/","url":"https://www.institutmacula.com/wp-content/uploads/2024/02/logo-Institut-de-la-Macula-24.png","contentUrl":"https://www.institutmacula.com/wp-content/uploads/2024/02/logo-Institut-de-la-Macula-24.png","width":300,"height":120,"caption":"Institut de la Màcula"},"image":{"@id":"https://www.institutmacula.com/es/#/schema/logo/image/"}}]}</script>
<!-- / Yoast SEO plugin. -->

Queratocono - Institut de la Màcula

Conoce qué es el queratocono, sus causas, síntomas, tratamientos, riesgos, diagnóstico y cómo afecta la salud ocular.

Institut de la Màcula
